ighest common factor of 6 and j.
6
Suppose 0 = 12*c + 80 - 368. Calculate the highest common factor of c and 6.
6
Let p = -19 - -30. Calculate the highest common factor of 121 and p.
11
Let f = 14 - 3. What is the greatest common divisor of 99 and f?
11
Suppose 7 + 7 = 2*u. Let n(g) = -g**2 + 3. Let w be n(u). Let z = w - -67. Calculate the highest common factor of 7 and z.
7
Let m(w) = -7*w**2 + w. Let x be m(1). Let v = 10 + x. Suppose -v*o = 3*h - 8, -3*h - 5*o + 5 = 1. Calculate the greatest common factor of 8 and h.
8
Let b(d) = d - 11. Let c be b(13). Suppose -4*l = -c*f - 0*f - 568, 0 = 4*l - 5*f - 556. What is the highest common factor of 16 and l?
16
Suppose 0 = 5*d - d - 8. Suppose d*y + 0 = 14. Let j = 17 - y. Calculate the highest common divisor of j and 50.
10
Let u = 26 - 13. Let f = 21 - u. Calculate the highest common factor of f and 48.
8
Suppose 5*w = -5*g + 100, -2*w - 35 = -g - 0*w. Let u = g - 11. Let t be -1*(-3)/((-6)/(-14)). Calculate the greatest common divisor of t and u.
7
Let o be (-6)/(-30) + 31/(-5). Let n be 4/o*-5*6. Calculate the highest common factor of n and 50.
10
Suppose -2*c + 20 = 2*l + 2*c, -2*c + 42 = 3*l. What is the highest common divisor of 56 and l?
8
Let i = 29 - 10. Let t = 52 - i. Suppose r - 3*a + 17 = 3*r, 3*r - 3*a = t. What is the greatest common divisor of r and 15?
5
Suppose -3*k - 5*q + 976 = -175, 0 = 4*k - q - 1573. What is the greatest common divisor of 49 and k?
49
Suppose -8*a = -6*a - 12. Let l = 61 + -37. Calculate the greatest common factor of a and l.
6
Let i = 12 + -7. Let u = i - -8. Suppose 5*n = 5*h - 7*h + 447, 4*n - h = 368. Calculate the greatest common divisor of n and u.
13
Let u be 2/(-2) - -2*2. Let f be ((-4)/(-6))/(u/36). Let i(z) = z**2 - 8*z - 19. Let m be i(10). What is the highest common divisor of m and f?
1
Let l be ((-18)/5)/((-22)/110). What is the highest common divisor of l and 18?
18
Let w be (0 - 2)*(-2)/((-8)/(-10)). What is the greatest common divisor of w and 15?
5
Suppose 2*m + 3*m - 25 = 0. Suppose -g + m*x + 41 = 0, -5*g - 2*x = -54 - 43. Suppose 6 = -3*k + g. What is the greatest common factor of k and 40?
5
Suppose 5*i + 4*j + 12 - 42 = 0, 4*j - 10 = 5*i. Suppose -q = -i*q + 16. Let w be 132/q + (-2)/8. Calculate the greatest common divisor of w and 88.
8
Let w(h) = -26*h - 15. Let x be w(-11). Suppose 0*r + 5*d + 712 = -4*r, 2*r + d + 350 = 0. Let i = r + x. Calculate the highest common divisor of 14 and i.
14
Let h(a) = -6*a - 35. Let g be h(-7). What is the greatest common divisor of 28 and g?
7
Let a be (-1)/5 - (-42)/(-15). Let k be (-4)/8*(a + -1). Suppose f = -k*f + 24. Calculate the highest common factor of f and 1.
1
Let v(q) = 11*q + 1. Let t = -1 + 2. Let h be v(t). Let x(u) = u**3 - 10*u**2 + 16*u + 3. Let d be x(8). What is the greatest common divisor of h and d?
3
Let w(g) be the third derivative of g**5/60 + g**4/6 + g**3/2 - 4*g**2. Suppose -5*v - 15 + 40 = 0. Let x be w(v). What is the highest common factor of x and 8?
8
Suppose t + 25 = 2*t. What is the highest common factor of 5 and t?
5
Suppose 7 = -4*f + 27. Suppose 0 = -2*h + 14 - 4. Let r = f + h. Calculate the greatest common divisor of 10 and r.
10
Let j(i) = 7*i**2 + 3*i + 2. Let k be j(-2). What is the highest common factor of 48 and k?
24
Suppose 4*j - 58 = -6. What is the highest common divisor of 65 and j?
13
Suppose -n + 4*t = -24, 5*n - 2*t + 2 = 32. Suppose n = -d + 5*o, -3*o - 21 = -3*d + o. Calculate the greatest common factor of 33 and d.
11
Suppose -3*s + 5 = -4. Suppose 0 = 4*o - 12, -5 = s*r + 2*o - 35. What is the highest common divisor of 8 and r?
8
Let t(p) = -p**3 + 9*p**2 - p + 11. Let n be t(9). Suppose 0*g = -n*g + 18. Calculate the highest common factor of g and 72.
9
Let g(n) = n**2. Let q be g(2). Let j be q/(-2)*(-105)/6. Calculate the highest common divisor of j and 7.
7
Let f be (-76)/(-6) + (-2)/(-6). Suppose 3*b - 20 = -b. Suppose -3*s + 137 = b*v, -2*s - 2*s + 148 = -2*v. What is the highest common divisor of f and s?
13
Suppose 7*x - 12 = 3*x. Suppose -3*t + 5*y = -29, 32 = 4*t - 4*y - y. Calculate the greatest common factor of t and x.
3
Let z be ((-13)/(13/2))/(-2). Suppose -5*a + 4*o + 25 = 0, -a - 5*o = -2*a + 26. Calculate the highest common factor of z and a.
1
Suppose h + 90 = 5*o - o, 0 = 2*o - h - 46. What is the greatest common divisor of 33 and o?
11
Suppose 0 = -5*q + 386 - 91. Let s = q - 42. Calculate the greatest common factor of 119 and s.
17
Let y(b) = b**2 + 5*b - 4. Let t be y(-6). Suppose 0 = 3*l + t*l - 60. Calculate the greatest common divisor of 36 and l.
12
Let s = 6 + -2. What is the highest common divisor of s and 28?
4
Let b be 17 + (1 + -2 - 0). Let d = -7 + b. Let z(p) = 8*p - 29. Let t be z(16). What is the highest common divisor of t and d?
9
Let a = -16 - -106. What is the greatest common factor of 30 and a?
30
Suppose 40 = r + r. Suppose 0 = 2*m + m. Suppose m = 2*k - 4, 2*v + 3*k = 2*k + 6. What is the greatest common factor of v and r?
2
Let i be -1*(2 + 4/(-1)). Calculate the highest common factor of 14 and i.
2
Suppose 240 = 5*p - 5*f, 4*p + 2*f = 220 - 28. Calculate the highest common divisor of 12 and p.
12
Let w be (8/5)/((-7)/(875/(-10))). What is the highest common factor of w and 4?
4
Suppose 0*c - 3*b - 48 = -5*c, -3*c - 5*b = -56. Calculate the greatest common factor of c and 12.
12
Suppose 4*f - 131 = -731. Let s = -78 - f. Calculate the highest common divisor of 9 and s.
9
Suppose 22 = 3*f - 2*f. Let k be 288/11 + (-4)/f. Suppose 2*y - 5*y - 4*h + 2 = 0, -2*h - k = -3*y. What is the greatest common factor of 24 and y?
6
Let p = 0 + 26. Calculate the greatest common divisor of p and 65.
13
Let c = -20 + 34. What is the greatest common factor of c and 14?
14
Let r(x) = 5*x**2 - 2*x + 8. Let b be r(4). What is the greatest common divisor of b and 10?
10
Let c be 16/(-8) - (1 - 19). Calculate the greatest common factor of c and 128.
16
Suppose 0 = 3*z + 175 + 95. Let q = 108 - z. Calculate the greatest common factor of 22 and q.
22
Let b(o) = -5*o + 5*o + 5*o - 12. Let j = 5 + 4. Let f be b(j). Calculate the greatest common divisor of f and 22.
11
Suppose -1045 = -6*z + z. Let n(g) = 19*g**2 + g - 1. Let r be n(1). Calculate the highest common factor of z and r.
19
Let c(p) = -2*p + 6. Let m be ((-12)/8)/((-2)/(-12)). Let h be c(m). Calculate the highest common divisor of 3 and h.
3
Let z be (1 - -2) + (3 + -5 - -57). What is the greatest common divisor of z and 522?
58
Let f be 2/((-8)/(-178))*-2. Let a = -44 - f. Suppose 0*t - 2*t + 36 = 0. What is the greatest common factor of a and t?
9
Let g(w) = 7*w**2 - w - 1. Let n be g(-1). Suppose 8*b - 436 = -156. What is the highest common factor of b and n?
7
Suppose 3*o - 6*o - 3*k = -12, 3*o - 22 = 2*k. What is the highest common factor of o and 18?
6
Suppose -u + 9*k = 4*k - 186, 0 = 4*u + 3*k - 675. Let m be 19*1 + (-3 - -3). What is the highest common factor of m and u?
19
Suppose 5*k - 8 = 32. Calculate the highest common factor of 32 and k.
8
Suppose -2*r + 3*s = -18, -3*r + 11 + 3 = 2*s. Suppose 7 + r = v. Calculate the greatest common factor of v and 13.
13
Let b = -3 + 4. Let k(p) = 24*p**2 + 6*p + 4. Let d(y) = -y - 1. Let m(v) = 5*d(v) + k(v). Let g be m(b). Calculate the highest common factor of 6 and g.
6
Suppose 0 = 4*l - 2*l - 8. Suppose 12 - 8 = l*j. Calculate the greatest common divisor of 7 and j.
1
Let w = 51 + -30. Calculate the greatest common factor of 14 and w.
7
Suppose 2*a - 20 = -h, -2*a + 0*h + 8 = 4*h. Let k(y) = y**3 - 11*y**2 - 12*y + 6. Let b be k(a). What is the greatest common factor of 15 and b?
3
Let d be 45/(-10)*(-16)/3. Let s(u) = -u + 3. Let w(f) = -f + 4. Let n(x) = 4*s(x) - 3*w(x). Let b be n(-3). What is the highest common factor of d and b?
3
Let l = 127 - 107. Let s be (18/(-3))/((-6)/4). What is the highest common divisor of l and s?
4
Suppose -3*t + 3*s + 12 = 0, -t - 2*s + 4 - 3 = 0. Let o = 38 - t. Let y = o + -20. What is the highest common divisor of y and 15?
15
Suppose -3*w + 2*b + 37 = 0, 3*w - b - 42 = 2*b. What is the highest common factor of w and 81?
9
Suppose 6*g = 2*g + 144. Let v(t) = -23*t - 61. Let n be v(-5). Calculate the greatest common factor of g and n.
18
Let n = 56 + -48. Calculate